t is the hundreds digit of 534?
5
What is the units digit of 37?
7
What is the tens digit of 3698?
9
What is the hundreds digit of 1662?
6
What is the units digit of 7084?
4
What is the tens digit of 43?
4
What is the tens digit of 9367?
6
What is the units digit of 9?
9
What is the units digit of 112190?
0
What is the tens digit of 958?
5
What is the hundreds digit of 6739?
7
What is the units digit of 84002?
2
What is the units digit of 42386?
6
What is the ten thousands digit of 42296?
4
What is the tens digit of 9295?
9
What is the units digit of 1829?
9
What is the units digit of 13584?
4
What is the tens digit of 1103?
0
What is the hundreds digit of 1324?
3
What is the tens digit of 76661?
6
What is the thousands digit of 5232?
5
What is the ten thousands digit of 14809?
1
What is the units digit of 70284?
4
What is the hundreds digit of 58990?
9
What is the hundreds digit of 7402?
4
What is the tens digit of 672?
7
What is the ten thousands digit of 48448?
4
What is the hundreds digit of 104?
1
What is the thousands digit of 1553?
1
What is the hundreds digit of 12441?
4
What is the thousands digit of 1214?
1
What is the tens digit of 3850?
5
What is the hundreds digit of 1921?
9
What is the hundreds digit of 2163?
1
What is the hundreds digit of 6217?
2
What is the hundreds digit of 23258?
2
What is the thousands digit of 9124?
9
What is the tens digit of 53338?
3
What is the hundreds digit of 1349?
3
What is the units digit of 26749?
9
What is the hundreds digit of 52645?
6
What is the units digit of 7?
7
What is the ten thousands digit of 52605?
5
What is the thousands digit of 1344?
1
What is the thousands digit of 19694?
9
What is the thousands digit of 103806?
3
What is the hundreds digit of 28051?
0
What is the tens digit of 1342?
4
What is the thousands digit of 177606?
7
What is the hundreds digit of 4459?
4
What is the units digit of 599?
9
What is the tens digit of 5434?
3
What is the tens digit of 959?
5
What is the thousands digit of 8396?
8
What is the hundreds digit of 2841?
8
What is the hundreds digit of 821?
8
What is the units digit of 724?
4
What is the hundreds digit of 14767?
7
What is the tens digit of 451?
5
What is the thousands digit of 23547?
3
What is the ten thousands digit of 31196?
3
What is the hundreds digit of 2111?
1
What is the units digit of 14702?
2
What is the units digit of 62?
2
What is the tens digit of 16?
1
What is the tens digit of 929?
2
What is the thousands digit of 12758?
2
What is the ten thousands digit of 15843?
1
What is the units digit of 7593?
3
What is the tens digit of 1110?
1
What is the hundreds digit of 6832?
8
What is the units digit of 2393?
3
What is the units digit of 123?
3
What is the hundreds digit of 149?
1
What is the thousands digit of 2432?
2
What is the units digit of 691?
1
What is the thousands digit of 1188?
1
What is the tens digit of 1758?
5
What is the thousands digit of 13591?
3
What is the thousands digit of 1384?
1
What is the tens digit of 964?
6
What is the units digit of 30601?
1
What is the thousands digit of 1665?
1
What is the hundreds digit of 1701?
7
What is the thousands digit of 4991?
4
What is the thousands digit of 68277?
8
What is the tens digit of 533?
3
What is the hundreds digit of 2237?
2
What is the hundreds digit of 1085?
0
What is the units digit of 2495?
5
What is the tens digit of 1145?
4
What is the units digit of 30376?
6
What is the tens digit of 5483?
8
What is the ten thousands digit of 66846?
6
What is the hundreds digit of 25120?
1
What is the hundreds digit of 3422?
4
What is the thousands digit of 12123?
2
What is the tens digit of 3156?
5
What is the hundreds digit of 254?
2
What is the hundreds digit of 1716?
7
What is the thousands digit of 1054?
1
What is the hundreds digit of 178?
1
What is the ten thousands digit of 21897?
2
What is the hundreds digit of 14875?
8
What is the hundreds digit of 809?
8
What is the units digit of 760?
0
What is the hundreds digit of 600?
6
What is the tens digit of 5391?
9
What is the tens digit of 749?
4
What is the hundreds digit of 24403?
4
What is the hundreds digit of 1007?
0
What is the thousands digit of 13295?
3
What is the units digit of 1646?
6
What is the units digit of 18159?
9
What is the tens digit of 31859?
5
What is the tens digit of 1703?
0
What is the tens digit of 6236?
3
What is the units digit of 8722?
2
What is the hundreds digit of 2194?
1
What is the tens digit of 507?
0
What is the tens digit of 2825?
2
What is the hundreds digit of 18635?
6
What is the ten thousands digit of 15003?
1
What is the thousands digit of 3635?
3
What is the units digit of 835?
5
What is the units digit of 647?
7
What is the tens digit of 158773?
7
What is the tens digit of 6890?
9
What is the units digit of 2418?
8
What is the thousands digit of 15840?
5
What is the units digit of 2273?
3
What is the hundreds digit of 18704?
7
What is the hundreds digit of 7910?
9
What is the hundreds digit of 7438?
4
What is the hundreds digit of 2726?
7
What is the units digit of 228?
8
What is the hundreds digit of 48712?
7
What is the thousands digit of 114826?
4
What is the units digit of 43759?
9
What is the hundreds digit of 229?
2
What is the units digit of 168?
8
What is the ten thousands digit of 23720?
2
What is the tens digit of 3754?
5
What is the ten thousands digit of 25233?
2
What is the ten thousands digit of 13182?
1
What is the thousands digit of 8025?
8
What is the ten thousands digit of 13844?
1
What is the ten thousands digit of 17528?
1
What is the units digit of 14434?
4
What is the tens digit of 2269?
6
What is the hundreds digit of 7326?
3
What is the tens digit of 2919?
1
What is the hundreds digit of 55563?
5
What is the thousands digit of 59095?
9
What is the units digit of 233?
3
What is the tens digit of 58418?
1
What is the tens digit of 15922?
2
What is the tens digit of 8812?
1
What is the thousands digit of 3084?
3
What is the tens digit of 6212?
1
What is the units digit of 18331?
1
What is the tens digit of 4196?
9
What is the tens digit of 1054?
5
What is the ten thousands digit of 120028?
2
What is the hundreds digit of 1143?
1
What is the thousands digit of 8896?
8
What is the ten thousands digit of 27526?
2
What is the units digit of 2929?
9
What is the tens digit of 48739?
3
What is the thousands digit of 5336?
5
What is the hundreds digit of 5826?
8
What is the units digit of 18866?
6
What is the hundreds digit of 7951?
9
What is the hundreds digit of 4207?
2
What is the units digit of 2798?
8
What is the tens digit of 402?
0
What is the hundreds digit of 13329?
3
What is the tens digit of 1916?
1
What is the thousands digit of 3290?
3
What is the tens digit of 21920?
2
What is the hundreds digit of 34449?
4
What is the tens digit of 12320?
2
What is the ten thousands digit of 21507?
2
What is the units digit of 7804?
4
What is the tens digit of 31091?
9
What is the hundreds digit of 2761?
7
What is the tens digit of 314?
1
What is the hundreds digit of 829?
8
What is the hundreds digit of 19357?
3
What is the thousands digit of 2886?
2
What is the hundreds digit of 17339?
3
What is the units digit of 139434?
4
What is the thousands digit of 1199?
1
What is the ten thousands digit of 56429?
5
What is the hundreds digit of 613?
6
What is the tens digit of 13374?
7
What is the tens digit of 1937?
3
What is the tens digit of 150?
5
What is the hundreds digit of 894?
8
What is the thousands digit of 1457?
1
What is the ten thousands digit of 53032?
5
What is the tens digit of 27538?
3
What is the tens digit of 2025?
2
What is the thousands digit of 4839?
4
What is the hundreds digit of 605?
6
What is the hundreds digit of 118092?
0
What is the thousands digit of 7656?
7
What is the thousands digit of 10734?
0
What is the hundreds digit of 9082?
0
What is the hundreds digit of 110?
1
What is the units digit of 664?
4
What is the ten thousands digit of 29814?
2
What is the tens digit of 2255?
5
What is the thousands digit of 32042?
2
What is the hundreds digit of 51013?
0
What is the tens digit of 2121?
2
What is the hundreds digit of 30968?
9
What is the tens digit of 1991?
9
What is the thousands digit of 1586?
1
What is the ten thousands digit of 58970?
5
What 